t j(w) = 32*w - 478. Give j(15).
2
Let c(q) = q**3 - 15*q**2 - 5*q + 254. Give c(14).
-12
Let d(a) = -711*a - 2034. What is d(-3)?
99
Let w(p) = -131*p + 446. Give w(4).
-78
Let m(g) = 212*g + 657. Give m(-3).
21
Let a(w) = 50*w - 2441. What is a(49)?
9
Let p(c) = -181*c - 50. What is p(-2)?
312
Let h(k) = k**3 - 1992*k**2 + 15871*k + 2. Determine h(8).
-6
Let u(m) = m**3 + 79*m**2 - 8*m - 679. Give u(-79).
-47
Let q(j) = -2*j**3 - 73*j**2 + 39*j + 60. Determine q(-37).
-14
Let m(g) = 253*g + 5118. Give m(-20).
58
Let c(n) = 235*n - 579. Give c(3).
126
Let v(l) = 1300*l - 12992. What is v(10)?
8
Let h(t) = -29*t + 1880. Give h(65).
-5
Let v(y) = -8*y**2 - 232*y - 36. What is v(-29)?
-36
Let s(f) = -314*f**2 - 9735*f - 16. Give s(-31).
15
Let s(c) = c**3 + 10*c**2 - 15*c - 93. What is s(-3)?
15
Let x(y) = -y**2 + 187*y + 8041. Give x(223).
13
Let t(k) = -k**3 + 2*k**2 + 7*k - 43. Calculate t(-4).
25
Let j(n) = -n**2 - 28*n - 289. Calculate j(-16).
-97
Let f(y) = 11*y**3 + 460*y**2 - 90*y - 268. Give f(-42).
-16
Let r(u) = 3*u**3 + 2. What is r(-1)?
-1
Let l(v) = v**3 + 17*v**2 + 60*v - 66. Give l(-12).
-66
Let b(t) = -t**3 - 4*t**2 + 20*t - 48. Give b(3).
-51
Let b(m) = 1488*m - 95230. Calculate b(64).
2
Let n(h) = -8*h + 99. Calculate n(14).
-13
Let b(h) = 5*h**3 - 3*h**2 - 10*h + 20. Determine b(2).
28
Let j(a) = -92*a + 223. Calculate j(11).
-789
Let i(v) = v**3 - 109*v**2 - 343*v + 782. What is i(112)?
-2
Let t(r) = -5*r**2 + 663*r + 935. Determine t(134).
-3
Let j(h) = h**2 - 26*h + 56. What is j(25)?
31
Let x(n) = -2*n**2 - 35*n - 151. Calculate x(-20).
-251
Let f(g) = 31*g - 2179. Determine f(70).
-9
Let w(m) = m**2 - 15*m - 131. Determine w(20).
-31
Let c(k) = k**3 - 16*k**2 - 37*k - 10. Give c(18).
-28
Let z(y) = y**2 + 37*y - 781. Give z(-53).
67
Let w(l) = l**2 + 73*l + 961. Calculate w(-17).
9
Let o(f) = 9*f - 27. Calculate o(-2).
-45
Let z(v) = -63*v**2 + 269*v - 58. Calculate z(4).
10
Let n(m) = 4*m**3 - 25*m**2 - 162*m + 1003. What is n(6)?
-5
Let f(p) = -115*p - 1248. Determine f(-11).
17
Let h(i) = -i**3 + 29*i**2 - 99*i + 2. What is h(25)?
27
Let c(j) = j**3 - 155*j**2 - 800*j + 2. Calculate c(-5).
2
Let a(s) = s**3 - 3*s**2 - 5*s - 4. Give a(-5).
-179
Let d(r) = -13*r**2 - 321*r + 127. Give d(-25).
27
Let n(s) = s**2 - 14*s - 29. What is n(14)?
-29
Let i(g) = -342*g - 18111. What is i(-53)?
15
Let h(u) = u**2 + 107*u - 10495. Determine h(-169).
-17
Let s(p) = -p**2 + 17*p + 137. What is s(-5)?
27
Let w(z) = -284*z - 7985. What is w(-28)?
-33
Let i(a) = -a**3 - 9*a**2 + 235*a + 47. What is i(-21)?
404
Let w(r) = -197*r + 3146. What is w(16)?
-6
Let x(a) = -2*a**3 - 17*a**2 - 41*a - 12. Calculate x(-9).
438
Let y(r) = -14*r**3 + 19*r**2 - r + 2. Give y(1).
6
Let f(o) = o**2 - 45*o + 23. Calculate f(44).
-21
Let a(y) = y**3 - 74*y**2 + 142*y + 124. Give a(72).
-20
Let q(d) = -d**3 - 183*d**2 + 311*d - 10881. What is q(-185)?
34
Let u(o) = 42*o + 1731. Calculate u(-41).
9
Let v(y) = -2*y**3 + 97*y**2 - 30*y - 883. What is v(48)?
-19
Let p(u) = -14*u**2 + 84*u + 18. Determine p(11).
-752
Let r(t) = 6*t**2 - 405*t - 620. Give r(69).
1
Let f(t) = 2*t**2 - 41*t - 4. Give f(19).
-61
Let f(y) = y**3 - 12*y**2 + 17*y + 32. Calculate f(9).
-58
Let u(k) = 4*k**2 + 20*k - 144. Calculate u(6).
120
Let d(w) = -50*w - 377. Calculate d(-5).
-127
Let m(t) = 543*t - 1098. Determine m(2).
-12
Let c(u) = -17*u**2 - 22*u - 8. What is c(0)?
-8
Let u(r) = -273*r - 15011. Give u(-55).
4
Let f(i) = -83*i**2 + 513*i - 83. Give f(6).
7
Let u(h) = -48*h + 45. Determine u(12).
-531
Let t(j) = 15*j - 1369. Give t(92).
11
Let s(q) = -685*q - 142. What is s(0)?
-142
Let t(p) = 476*p - 1913. Determine t(4).
-9
Let t(d) = -d**2 - 23*d - 55. What is t(-25)?
-105
Let c(o) = -o**2 + 66*o - 568. What is c(44)?
400
Let n(t) = -243*t - 477. Calculate n(-2).
9
Let x(w) = -414*w + 11598. Give x(28).
6
Let y(a) = 5*a**2 - 120*a - 259. What is y(26)?
1
Let m(y) = -2*y**3 + 284*y**2 - 278*y - 557. Determine m(141).
7
Let j(c) = -c + 303. Give j(13).
290
Let r(f) = -71*f + 777. Determine r(11).
-4
Let v(b) = -35*b + 255. What is v(5)?
80
Let w(a) = -13*a**3 - 91*a**2 - 6*a - 47. What is w(-7)?
-5
Let q(f) = 6*f + 177. What is q(-18)?
69
Let t(s) = -s**2 + 447*s + 15328. What is t(-32)?
0
Let o(h) = -h**2 + 25*h + 252. Calculate o(-8).
-12
Let y(k) = 69*k - 1038. Determine y(14).
-72
Let h(v) = 10*v**2 + 4*v - 105. Calculate h(3).
-3
Let f(d) = d**3 + 95*d + 370. Give f(0).
370
Let k(d) = -d**2 - 20*d - 112. Give k(-9).
-13
Let u(z) = -28*z**2 + 96*z + 294. What is u(-3)?
-246
Let m(c) = -6*c - 561. Determine m(-65).
-171
Let k(a) = -494*a - 7949. Calculate k(-16).
-45
Let g(i) = 150*i + 1361. What is g(-9)?
11
Let n(m) = -12*m + 33. What is n(-8)?
129
Let s(o) = 162*o + 68. Determine s(-1).
-94
Let m(b) = -b**2 - 38*b + 111. What is m(-34)?
247
Let f(o) = o**3 + 16*o**2 + 31*o + 80. What is f(-13)?
184
Let x(t) = t**3 - 11*t**2 + 100*t - 340. Determine x(5).
10
Let u(r) = -r**3 + 10*r**2 + 51*r - 307. Determine u(8).
229
Let d(y) = 240*y + 2634. Calculate d(-11).
-6
Let m(o) = 5*o**3 - 7*o**2 + 3*o + 11. Determine m(2).
29
Let j(u) = 266*u**2 + 543*u + 3. Give j(-2).
-19
Let o(f) = 2*f**2 + 47*f + 202. Calculate o(-17).
-19
Let m(n) = 12*n**2 - 69*n - 25. Give m(6).
-7
Let d(f) = -3*f**3 - 126*f**2 + 549*f - 137. Determine d(-46).
1
Let v(a) = 4*a**2 - 893*a + 2651. Calculate v(3).
8
Let w(z) = 2*z**3 - 31*z**2 - 61*z + 164. Determine w(17).
-6
Let y(s) = -2*s**3 - 77*s**2 - 35*s - 62. What is y(-38)?
-176
Let y(r) = 23*r**2 - 2093*r + 8. Give y(91).
8
Let o(f) = -25*f**2 - 129*f + 2. Determine o(-4).
118
Let a(t) = -21*t**2 + 449*t - 60. What is a(21)?
108
Let r(d) = -137*d + 5082. Calculate r(37).
13
Let u(i) = i**2 - 59*i - 1450. Calculate u(78).
32
Let y(a) = -a**3 + 5*a**2 - 6*a. Give y(6).
-72
Let g(q) = 342*q + 4112. What is g(-12)?
8
Let y(w) = 3*w**2 - 71*w - 55. Determine y(24).
-31
Let f(p) = -3*p**3 + 26*p**2 + 8*p + 18. What is f(9)?
9
Let x(t) = 2*t**3 - 59*t**2 + 81*t + 27. Determine x(28).
-57
Let v(h) = -732*h**2 - 15*h + 14. Determine v(1).
-733
Let r(i) = i**3 + 36*i**2 - 8*i - 290. What is r(-36)?
-2
Let u(d) = -2*d**3 - 40*d**2 + 319*d - 44. Determine u(6).
-2
Let l(m) = m**3 + 17*m**2 - 62*m - 29. Give l(-20).
11
Let t(j) = -j**3 + 22*j**2 - 81*j - 455. Determine t(13).
13
Let f(d) = d - 112. Determine f(18).
-94
Let w(k) = 31*k + 87. What is w(-1)?
56
Let g(h) = -532*h + 8517. What is g(16)?
5
Let u(l) = l**2 + 106*l + 523. What is u(-5)?
18
Let l(o) = 435*o**2 - 1296*o - 14. Calculate l(3).
13
Let i(a) = a**2 + 2*a + 2. What is i(-5)?
17
Let v(b) = 42*b**2 - 44*b - 44. Calculate v(-1).
42
Let v(u) = -18*u - 120. Give v(-14).
132
Let y(d) = -2*d**2 - 15*d + 6. Give y(1).
-11
Let w(l) = -6*l**3 + 20*l**2 - 6*l + 3. Give w(3).
3
Let c(y) = -y**3 - 50*y**2 - 385*y + 606. Calculate c(-40).
6
Let y(p) = -5*p**2 - 47*p + 137. Determine y(-10).
107
Let r(z) = 3*z**2 - 581*z + 3924. What is r(7)?
4
Let l(o) = 5*o**2 - 35*o - 30. Calculate l(9).
60
Let p(o) = 2*o**3 + 8*o**2 - 4*o + 16. Determine p(-5).
-14
Let b(m) = 21*m**2 + 83*m - 1. What is b(-4)?
3
Let l(p) = 2*p**3 + 12*p**2 + 16*p + 27. What is l(-4)?
27
Let x(w) = 29*w**2 - 151*w - 7. Give x(6).
131
Let u(s) = s**2 + 36*s - 151. Calculate u(-37).
-114
Let r(u) = 124*u + 254. What is r(-3)?
-118
Let r(g) = -393*g - 6743. Calculate r(-17).
-62
Let x(r) = -116*r + 13. What is x(-2)?
245
Let z(g) = 3*g**2 + 8*g - 31. What is z(-6)?
29
Let v(l) = -2*l**2 + 96*l - 1580. What is v(24)?
-428
Let w(o) = -12*o**2 + 5*o - 4. What is w(3)?
-97
Let s(d) = d**2 + 16*d - 61. Determine s(-14).
-89
Let k(t) = -68*t**2 + 4216*t - 31. What is k(62)?
-31
Let l(p) = 9*p**2 - 1355*p - 3348. Give l(153).
18
Let g(h) = 53*h - 161. Give g(3).
-2
Let o(p) = -5*p**3 - 15*p**2 + 3*p + 13. Determine o(-3).
4
Let o(t) = -81*t - 245. Give o(-3).
-2
Let k(i) = 3*i**2 - 86*i + 32. Calculate k(28).
-24
Let t(i) = -752*i + 23316. Determine t(31).
4
Let y(z) = -6*z**2 - 20*z - 14. Give y(-3).
-8
Let u(m) = -13*m**2 + 1056*m - 1055. Calculate u(1).
-12
Let g(l) = -l**3 + 12*l**2 + 61*l + 17. What is g(16)?
-31
Let b(f) = -f**2 + 15*f + 1934. Calculate b(53).
-80
Let i(q) = 3286*q**2 + 23002*q + 16. Determine i(-7).
16
Let w(i) = i*